{"id":3977,"date":"2020-05-08T12:47:35","date_gmt":"2020-05-08T10:47:35","guid":{"rendered":"http:\/\/belfracars.fr\/?page_id=3977"},"modified":"2020-10-27T15:47:12","modified_gmt":"2020-10-27T14:47:12","slug":"reprise","status":"publish","type":"page","link":"https:\/\/belfracars.fr\/index.php\/reprise\/","title":{"rendered":"Reprise"},"content":{"rendered":"<p>[vc_row][vc_column][vc_column_text]<\/p>\n<blockquote>\n<p><strong>Alors l\u00e0, je vais jeter un pav\u00e9 dans la mare, donner un coup de pied dans la fourmili\u00e8re, \u2026 mais je vais surtout en d\u00e9cevoir plus d\u2019un!<\/strong><\/p>\n<\/blockquote>\n<p>Dans toutes les publicit\u00e9s T.V. ou radio, on nous gave de reprises argus plus 3.000, 4.000, 5.000, 6.000 euros \u00e0 l\u2019achat d\u2019un v\u00e9hicule neuf en concession.<\/p>\n<p>OK, cela \u00e0 l\u2019air all\u00e9chant, mais il faut savoir que si on vous propose une reprise argus plus 4.000 euros, c\u2019est sur un v\u00e9hicule qui en prix catalogue est 5.000 \u00e0 6.000 euros au-dessus de sa vraie valeur. Sachant cela, qui est le gagnant??<\/p>\n<p>On ne peut pas lors de l\u2019achat d\u2019un v\u00e9hicule d\u2019occasion vous proposer cela, tout simplement parce que les v\u00e9hicules sont propos\u00e9s \u00e0 un prix qui ne permet pas une marge de cette valeur. M\u00eame loin de l\u00e0.<\/p>\n<p>La cote argus, vous aurez beaucoup de chance si vous l\u2019obtenez, et je dirai m\u00eame, m\u00e9fiez-vous du v\u00e9hicule que vous achetez. Le vendeur doit \u00eatre tr\u00e8s press\u00e9 de s\u2019en s\u00e9parer\u00a0!<\/p>\n<p>Revendez votre v\u00e9hicule par vous-m\u00eame \u00e0 un particulier et vous y gagnerez 1.000 voire 2.000 euros par rapport au prix de reprise professionnel. Cela vaut la peine de se bouger, non?<\/p>\n<p>Evidemment il faut que votre v\u00e9hicule soit vendable et il y a les risques de multiples visites et d\u2019essais et de propositions en tout genre souvent d\u00e9cevantes, de frais inattendu et de stress pour le paiement. L\u2019avantage de la reprise \u00e0 professionnel c\u2019est que le paiement et s\u00e9curis\u00e9, il n\u2019y a pas de contr\u00f4le technique et les \u00e9ventuels frais qui en d\u00e9coules et il n\u2019y a pas de plainte pour vice cach\u00e9 ou tout autre probl\u00e8me.<\/p>\n<p>Voila si vous d\u00e9sirez une reprise ou nous proposer \u00e0 l\u2019achat votre v\u00e9hicule vous pouvez me transmettre sur jeanyves@belfracars.com un descriptif accompagn\u00e9 de quelques photos et surtout du prix que vous en d\u00e9sirez. Sans prix nous ne traiterons pas votre demande.[\/vc_column_text][\/vc_column][\/vc_row]<\/p>\n","protected":false},"excerpt":{"rendered":"<p>[vc_row][vc_column][vc_column_text] Alors l\u00e0, je vais jeter un pav\u00e9 dans la mare, donner un coup de pied dans la fourmili\u00e8re, \u2026 mais je vais surtout en d\u00e9cevoir plus d\u2019un! Dans toutes les publicit\u00e9s T.V. ou radio, on nous gave de reprises argus plus 3.000, 4.000, 5.000, 6.000 euros \u00e0 l\u2019achat d\u2019un v\u00e9hicule neuf en concession. OK,&#8230;<\/p>\n","protected":false},"author":1,"featured_media":0,"parent":0,"menu_order":0,"comment_status":"closed","ping_status":"closed","template":"","meta":[],"_links":{"self":[{"href":"https:\/\/belfracars.fr\/index.php\/wp-json\/wp\/v2\/pages\/3977"}],"collection":[{"href":"https:\/\/belfracars.fr\/index.php\/wp-json\/wp\/v2\/pages"}],"about":[{"href":"https:\/\/belfracars.fr\/index.php\/wp-json\/wp\/v2\/types\/page"}],"author":[{"embeddable":true,"href":"https:\/\/belfracars.fr\/index.php\/wp-json\/wp\/v2\/users\/1"}],"replies":[{"embeddable":true,"href":"https:\/\/belfracars.fr\/index.php\/wp-json\/wp\/v2\/comments?post=3977"}],"version-history":[{"count":3,"href":"https:\/\/belfracars.fr\/index.php\/wp-json\/wp\/v2\/pages\/3977\/revisions"}],"predecessor-version":[{"id":4076,"href":"https:\/\/belfracars.fr\/index.php\/wp-json\/wp\/v2\/pages\/3977\/revisions\/4076"}],"wp:attachment":[{"href":"https:\/\/belfracars.fr\/index.php\/wp-json\/wp\/v2\/media?parent=3977"}],"curies":[{"name":"wp","href":"https:\/\/api.w.org\/{rel}","templated":true}]}}